 derivative of z**4/12 - 5*z**3/2 + 2*z**2 + z. Let v(d) be the first derivative of m(d). List the prime factors of v(10).
5
Let a(p) = p + 12. Let x be a(11). Suppose -64 = -3*t + 4*r, -t + 0*t = -3*r - x. Suppose t*g - 15*g = 150. List the prime factors of g.
2, 3, 5
Let j(f) = -f**2 - 2*f + 6. Let q(k) = -k**2 + 6*k + 1. Let x be q(7). Let b be j(x). List the prime factors of -3 + (-2 - b) + -3.
2, 5
Suppose 9*g - 1356 = 1506. What are the prime factors of g?
2, 3, 53
Let i be (-4 - 2)*90/(-12). Suppose -3*g = -g + 10, -5*p + i = -4*g. Suppose -4*b = -47 - p. What are the prime factors of b?
13
Suppose -1802 = -d + 4*a, 0 = 5*d - 65*a + 64*a - 8915. List the prime factors of d.
2, 3, 11
Let d(q) = -563*q + 13. List the prime factors of d(-4).
3, 5, 151
Suppose 4*p - 3*p - 4*l + 7 = 0, -2*l = -6. Let n be (-2)/(-5) - 4727/p. List the prime factors of 2/(-7) - n/49.
19
Let x be 1/(-4) + 249/4. Let c = x - 23. Suppose 0 = 2*h - c + 7. What are the prime factors of h?
2
Let l(y) = -5*y**3 - 15*y**2 + 15*y + 11. Let w(g) = -14*g**3 - 45*g**2 + 44*g + 33. Let x(q) = 17*l(q) - 6*w(q). What are the prime factors of x(14)?
59
Suppose 0 = -5*q - 3*q + 24. Suppose -4*m - 19 = -m - 4*u, 5 = q*m + 2*u. List the prime factors of 18/((-1)/m + 0).
2, 3
Let f(o) = -o**2 + 5*o + 2. Let j be f(4). Let g be (-27)/18*(-16)/j. List the prime factors of g/5*(10 - -55).
2, 13
Let x(t) = -4*t**2 + 2*t - 7 + t + 0*t. Let a be x(5). Let i = -55 - a. List the prime factors of i.
37
Let n be (-102)/15*(-15)/6. Suppose -5*j + n = -28. Let s(v) = v**3 - 9*v**2 + 8. What are the prime factors of s(j)?
2
Suppose -20*s - 6 = -22*s. Suppose 5*y - 5*z - 130 = -s*z, 2*y - 4*z - 68 = 0. Suppose -2*b + y = q + 3*b, -3*q + 72 = 2*b. List the prime factors of q.
2, 3
Suppose -2*h - i = -685, 4*i + 217 = h - 103. Suppose 9*x - h = 5*x. What are the prime factors of x?
5, 17
Suppose 8*u = -9*u + 2193. Suppose -2*q = 2*q + 364. Let a = u + q. List the prime factors of a.
2, 19
Let f = 1591 - 1298. List the prime factors of f.
293
Let y(q) = q + 5. Let n be y(-4). Suppose c = -3*j + n, -5*j - 4 = -j. Suppose -b = 3*z + 3, -c*z - 2 + 3 = 3*b. List the prime factors of b.
3
Suppose 2*p + 4*u = 3494, -2*p + 35*u - 34*u = -3474. What are the prime factors of p?
37, 47
What are the prime factors of (28/10)/(1/50)?
2, 5, 7
Let j(g) = g**3 - 17*g**2 + 15*g + 1. Let z be j(16). Let b(i) = -i**2 - 22*i - 20. What are the prime factors of b(z)?
5, 17
Let c = 72 + -49. Let n = c + 7. What are the prime factors of n?
2, 3, 5
Let u(g) = -63*g**3 + g**2 - 3*g + 2. Let h(o) = o + 8. Let r be h(-7). Let a be u(r). List the prime factors of (-2)/4 - a/14.
2
Let i be 2/((-3)/54*4). List the prime factors of 181 + 3/i*0.
181
Suppose 0 = d + 3*d - 5*k - 33, -3*k - 23 = -4*d. Let x = d + 1. Suppose u = x*u - 40. What are the prime factors of u?
2, 5
Suppose -g - g = 4*p - 766, -5*p - 355 = -g. What are the prime factors of g?
3, 5
Let a(g) be the second derivative of 0 - g + 9/2*g**2 + 1/20*g**5 - 1/2*g**3 - 5/12*g**4. List the prime factors of a(6).
3
Suppose -p = d - 342, d - 151 = -5*p + 199. List the prime factors of d.
2, 5, 17
Suppose g = 4*x - 21, -4*g - 50 = -4*x - 14. Let t be ((-10)/x - -3)*-12. List the prime factors of 560/15 + 8/t.
2, 3
Let x = 2 - -6. Let m(h) = 7*h - 5. List the prime factors of m(x).
3, 17
Let b(j) be the first derivative of 111 + 0*j - 118 - 20*j**2 - j. List the prime factors of b(-1).
3, 13
Suppose 5*n - v = 1413, 3*n + 3*v + 2*v = 831. What are the prime factors of n?
2, 3, 47
Let w(p) = -16*p**3 - 6*p**2 - 5. What are the prime factors of w(-5)?
3, 5, 41
Suppose z + 4*i - 1253 = 0, i + i + 4976 = 4*z. What are the prime factors of z?
3, 5, 83
Let r be (-4)/6 - (-24)/9. Let s(o) = -o + 2. Let z be s(r). Suppose 4*i + 11 - 31 = z. What are the prime factors of i?
5
Let c be -1 - -1 - (20 - 24). Suppose 3*s - 4*k = 25, s - 4 = 5*s + c*k. What are the prime factors of s?
3
Let b be 400/5 + (-4)/2. Let c = b - 44. List the prime factors of c.
2, 17
What are the prime factors of 3083/5*(-20)/(-4)?
3083
Let a = 18 + -16. Suppose -4*z - 5*p = -67 - 4, 3*z = -a*p + 62. Suppose z = -2*n + 116. What are the prime factors of n?
2, 23
Let i be -4 - ((4 - 3) + 12). Let o = 48 + i. List the prime factors of o.
31
Let l = -27 + -32. Suppose -4*o + 3*m = 65, 2*o + m - 7 + 42 = 0. Let u = o - l. What are the prime factors of u?
2, 3, 7
Let v = -13 - -14. Suppose -2*z + v = -h + 32, -48 = 3*z - 2*h. What are the prime factors of 3/(25/z + 2)?
2, 7
Suppose -z = z + 6. Let g = -12 - z. Let w(i) = i**3 + 10*i**2 + 8*i + 2. What are the prime factors of w(g)?
11
Let k be 3/(-6) + (-5)/(-2). Suppose 0 = 3*x + 3, 3*u + 3*x = k*x + 395. List the prime factors of u.
2, 3, 11
Suppose 0 = 2*h + 3*h + 4*l - 2674, 5*h - 2682 = -2*l. List the prime factors of h.
2, 269
What are the prime factors of 3 + 0 + -765*(0 - 1)?
2, 3
Suppose -1 - 5 = 3*m, 0 = -2*l + 3*m + 26. Suppose -n + 40 = -16. List the prime factors of n*(l/4 - 2).
2, 7
Suppose -2*h = 3*k - 2260, -3390 = 8*h - 11*h - k. List the prime factors of h.
2, 5, 113
Suppose 0 = -42*s + 54138 - 6930. What are the prime factors of s?
2, 281
Suppose 0 = 54*q - 76*q + 80234. List the prime factors of q.
7, 521
Suppose -5*v = 3*v. Suppose -2*s = -5*i + 1587, v = -5*i - 5*s - 0*s + 1615. What are the prime factors of i?
11, 29
Let x(z) = 30*z**2 - 33*z - 35. Let c(l) = 14*l**2 - 16*l - 18. Let g(n) = 13*c(n) - 6*x(n). List the prime factors of g(-10).
2, 3, 23
Suppose 0 = -21*x + 95*x - 61050. What are the prime factors of x?
3, 5, 11
Let z = 177 + 836. What are the prime factors of z?
1013
Suppose -7*p = -8*p + 4*c + 4290, 4*p - 17075 = -c. What are the prime factors of p?
2, 5, 7, 61
Let k(w) be the third derivative of 23*w**6/40 + 28*w**2. What are the prime factors of k(1)?
3, 23
Suppose 4*i - 2*w - 1536 = 0, 4*w - 2*w + 770 = 2*i. Let p = i + -58. List the prime factors of p.
5, 13
Suppose i + 22 = 6. Let k = 16 + i. Suppose s - 10 - 19 = k. List the prime factors of s.
29
Suppose 4*i + 1 - 5 = 0. What are the prime factors of (-540)/(-144)*(29 + (0 - i))?
3, 5, 7
Let c(t) = -37*t**3 - t**2 - 2*t + 1. Let n be c(1). Suppose -61 = 4*j - 3*k, -2*j - 3*k - 30 = j. Let g = j - n. List the prime factors of g.
2, 13
Let z(p) = 4*p**2 + 15*p + 51. List the prime factors of z(15).
2, 3, 7
Suppose 0 = -19*a + 159 + 943. List the prime factors of a.
2, 29
Suppose -5*k + 188 = -4*o - 122, 5*k - 3*o - 315 = 0. Suppose 3*v - 4*v = -k. What are the prime factors of v?
2, 3, 11
Let a(l) = 2*l**2 - 8*l + 50. What are the prime factors of a(-38)?
2, 1621
Suppose -3*f - i = -3*i - 1811, f - 4*i - 597 = 0. List the prime factors of f.
5, 11
Suppose h + h = 2956. What are the prime factors of h/10 + 24/(-30)?
3, 7
Let u(i) = 28*i + 69*i + 10*i. List the prime factors of u(2).
2, 107
Let t(c) = 146*c. Let w be t(1). Suppose -2*s - 3*r = -0*r - w, r + 154 = 2*s. List the prime factors of s.
2, 19
List the prime factors of (-2)/(-4) - ((-1265)/2 - -10).
7, 89
Let g(p) = -p**3 - 6*p**2 - 3*p - 7. Let k be g(-6). Suppose -4*x - 5*m = -7 - 4, 3*x = -3*m + 12. Suppose -5*y + k = -x. List the prime factors of y.
2
List the prime factors of 4*(0 + 1)*(-2 - -397).
2, 5, 79
Let a(v) = -5*v. Let b be a(-1). Suppose b*x = 2*x + 255. Suppose -9*g + x = -4*g. List the prime factors of g.
17
Let g = 405 - 103. Suppose -5*j + g = -868. What are the prime factors of j?
2, 3, 13
Let s(o) = -4*o + 697. Let u be s(0). Let b = -467 + u. List the prime factors of b.
2, 5, 23
Let m(y) = 4*y**2 + 11*y + 33. Suppose 4*i + 41 = -4*o + 9*i, 2*i + 34 = -4*o. What are the prime factors of m(o)?
2, 3, 43
Let i = 255 + -226. What are the prime factors of i?
29
Let j = 3579 - 1503. List the prime factors of j.
2, 3, 173
Let c be 3*2828/(-105)*(-10)/4. Suppose 4*f - 526 = c. List the prime factors of f.
2, 7, 13
List the prime factors of ((-9258)/(-54))/((-7)/(-63)).
1543
Let a be 3/(-2)*(-4 + 8). Let s be (a - -3) + (2 - -41). Let x = s + -10. What are the prime factors of x?
2, 3, 5
Let z(l) = 3*l**2 + 5*l + 6. Suppose 0 = 4*p + 4*a + 2 + 22, 2*a + 4 = 0. List the prime factors of z(p).
2, 17
Suppose 0 = 8*o - 9*o. Suppose 0 = -o*n - 3*n + 75. What are the prime factors of n?
5
Let t = -8 - 